{"id":5,"date":"2020-11-04T15:55:12","date_gmt":"2020-11-04T15:55:12","guid":{"rendered":"http:\/\/anwalt-wallisch.at\/?page_id=5"},"modified":"2020-11-04T16:32:56","modified_gmt":"2020-11-04T16:32:56","slug":"datenschutz-datenschutzerklaerung","status":"publish","type":"page","link":"https:\/\/anwalt-wallisch.at\/?page_id=5","title":{"rendered":"Datenschutz \/ Datenschutzerkl\u00e4rung"},"content":{"rendered":"\n<p>Ich unterliege als Rechtsanwalt, eingetragen in die Liste der Rechtsanw\u00e4lte der Rechtsanwaltskammer Wien, den Bestimmungen und Vorgaben des \u00f6sterreichischen Rechtes, ebenso den einschl\u00e4gigen Vorgaben unseres Standesrechtes, hier vor allem der Rechtsanwaltsordnung (RO) und den Richtlinien f\u00fcr die Aus\u00fcbung des Rechtsanwaltsberufs (RL-BA) sowie der Aufsicht der Wiener Rechtsanwaltskammer.<\/p>\n\n\n\n<p>Wie werden Ihre personenbezogenen Daten von mir verarbeitet?&nbsp;<\/p>\n\n\n\n<p>Festzuhalten ist vorweg, dass ich im Zuge meiner T\u00e4tigkeit Ihre personenbezogenen Daten nur mit Ihrer Einwilligung entsprechend der DSGVO einholen, verarbeiten bzw. generell nutzen werde.&nbsp;<\/p>\n\n\n\n<p>Im speziellen sind dies jene personenbezogenen Daten, die ich im Rahmen der \u00dcbernahme eines Mandates jedenfalls f\u00fcr die Erf\u00fcllung meiner anwaltlichen T\u00e4tigkeit ben\u00f6tige. Es versteht sich, dass Sie mir diese Daten freiwillig zur Verf\u00fcgung stellen. Unter dem Begriff der personenbezogenen Daten im Sinne der einschl\u00e4gigen gesetzlichen Bestimmungen, insbesondere der DSGVO, sind all jene Daten wie etwa Name, Wohn und \/ oder email-adresse, Telefonnummer, Geburtsdatum, Alter, Geschlecht, Sozialversicherungsnummer, Fotos, udgl. zu verstehen.&nbsp;<\/p>\n\n\n\n<p>Ihre Daten werde ich ausschlie\u00dflich zur Erf\u00fcllung des \u00fcbernommenen Mandates verwenden. Sie haben im Sinne der Vorgaben der DSGVO auch jederzeit das Recht, &nbsp;Auskunft dar\u00fcber zu erhalten, welche Daten von Ihnen und zu welchem Zweck diese gespeichert sind. Au\u00dferdem sind diese Daten \u00fcber Ihr Verlangen zu berichtigen oder auch zu l\u00f6schen (Widerruf der Einwilligung zur Nutzung Ihrer personenbezogenen Daten). Letzteres freilich unter Bedachtnahme auf die rechtsanwaltliche Verschwiegenheitspflicht und anderen Pflichten zur Wahrung von entsprechenden Gesch\u00e4ftsgeheimnissen.&nbsp;<\/p>\n\n\n\n<p>Personenbezogene Daten werden nicht l\u00e4nger aufbewahrt, als ich diese eben f\u00fcr die Mandatserf\u00fcllung- und erledigung ben\u00f6tige, wichtig ist aber, dass ich diesbez\u00fcglich auch einschl\u00e4gige gesetzliche Verpflichtungen und jene zur allf\u00e4lligen Abwehr von Haftungsanspr\u00fcchen zu beachten habe.<\/p>\n","protected":false},"excerpt":{"rendered":"<p>Ich unterliege als Rechtsanwalt, eingetragen in die Liste der Rechtsanw\u00e4lte der Rechtsanwaltskammer Wien, den Bestimmungen und Vorgaben des \u00f6sterreichischen Rechtes, ebenso den einschl\u00e4gigen Vorgaben unseres Standesrechtes, hier vor allem der Rechtsanwaltsordnung (RO) und den Richtlinien f\u00fcr die Aus\u00fcbung des Rechtsanwaltsberufs (RL-BA) sowie der Aufsicht der Wiener Rechtsanwaltskammer. Wie werden Ihre personenbezogenen Daten von mir verarbeitet?&nbsp; &hellip; <\/p>\n<p class=\"link-more\"><a href=\"https:\/\/anwalt-wallisch.at\/?page_id=5\" class=\"more-link\"><span class=\"screen-reader-text\">\u201eDatenschutz \/ Datenschutzerkl\u00e4rung\u201c <\/span>weiterlesen<\/a><\/p>\n","protected":false},"author":1,"featured_media":35,"parent":0,"menu_order":0,"comment_status":"closed","ping_status":"closed","template":"","meta":{"footnotes":""},"class_list":["post-5","page","type-page","status-publish","has-post-thumbnail","hentry"],"yoast_head":"<!-- This site is optimized with the Yoast SEO plugin v26.7 - https:\/\/yoast.com\/wordpress\/plugins\/seo\/ -->\n<title>Datenschutz \/ Datenschutzerkl\u00e4rung - Dr. Hannes Wallisch<\/title>\n<meta name=\"robots\" content=\"index, follow, max-snippet:-1, max-image-preview:large, max-video-preview:-1\" \/>\n<link rel=\"canonical\" href=\"https:\/\/anwalt-wallisch.at\/?page_id=5\" \/>\n<meta property=\"og:locale\" content=\"de_DE\" \/>\n<meta property=\"og:type\" content=\"article\" \/>\n<meta property=\"og:title\" content=\"Datenschutz \/ Datenschutzerkl\u00e4rung - Dr. Hannes Wallisch\" \/>\n<meta property=\"og:description\" content=\"Ich unterliege als Rechtsanwalt, eingetragen in die Liste der Rechtsanw\u00e4lte der Rechtsanwaltskammer Wien, den Bestimmungen und Vorgaben des \u00f6sterreichischen Rechtes, ebenso den einschl\u00e4gigen Vorgaben unseres Standesrechtes, hier vor allem der Rechtsanwaltsordnung (RO) und den Richtlinien f\u00fcr die Aus\u00fcbung des Rechtsanwaltsberufs (RL-BA) sowie der Aufsicht der Wiener Rechtsanwaltskammer. Wie werden Ihre personenbezogenen Daten von mir verarbeitet?&nbsp; &hellip; \u201eDatenschutz \/ Datenschutzerkl\u00e4rung\u201c weiterlesen\" \/>\n<meta property=\"og:url\" content=\"https:\/\/anwalt-wallisch.at\/?page_id=5\" \/>\n<meta property=\"og:site_name\" content=\"Dr. Hannes Wallisch\" \/>\n<meta property=\"article:modified_time\" content=\"2020-11-04T16:32:56+00:00\" \/>\n<meta property=\"og:image\" content=\"https:\/\/anwalt-wallisch.at\/wp-content\/uploads\/2020\/11\/IMG_0444-Kopie.jpg\" \/>\n\t<meta property=\"og:image:width\" content=\"2352\" \/>\n\t<meta property=\"og:image:height\" content=\"1568\" \/>\n\t<meta property=\"og:image:type\" content=\"image\/jpeg\" \/>\n<meta name=\"twitter:card\" content=\"summary_large_image\" \/>\n<meta name=\"twitter:label1\" content=\"Gesch\u00e4tzte Lesezeit\" \/>\n\t<meta name=\"twitter:data1\" content=\"1\u00a0Minute\" \/>\n<script type=\"application\/ld+json\" class=\"yoast-schema-graph\">{\"@context\":\"https:\/\/schema.org\",\"@graph\":[{\"@type\":\"WebPage\",\"@id\":\"https:\/\/anwalt-wallisch.at\/?page_id=5\",\"url\":\"https:\/\/anwalt-wallisch.at\/?page_id=5\",\"name\":\"Datenschutz \/ Datenschutzerkl\u00e4rung - Dr. Hannes Wallisch\",\"isPartOf\":{\"@id\":\"https:\/\/anwalt-wallisch.at\/#website\"},\"primaryImageOfPage\":{\"@id\":\"https:\/\/anwalt-wallisch.at\/?page_id=5#primaryimage\"},\"image\":{\"@id\":\"https:\/\/anwalt-wallisch.at\/?page_id=5#primaryimage\"},\"thumbnailUrl\":\"https:\/\/anwalt-wallisch.at\/wp-content\/uploads\/2020\/11\/IMG_0444-Kopie.jpg\",\"datePublished\":\"2020-11-04T15:55:12+00:00\",\"dateModified\":\"2020-11-04T16:32:56+00:00\",\"breadcrumb\":{\"@id\":\"https:\/\/anwalt-wallisch.at\/?page_id=5#breadcrumb\"},\"inLanguage\":\"de\",\"potentialAction\":[{\"@type\":\"ReadAction\",\"target\":[\"https:\/\/anwalt-wallisch.at\/?page_id=5\"]}]},{\"@type\":\"ImageObject\",\"inLanguage\":\"de\",\"@id\":\"https:\/\/anwalt-wallisch.at\/?page_id=5#primaryimage\",\"url\":\"https:\/\/anwalt-wallisch.at\/wp-content\/uploads\/2020\/11\/IMG_0444-Kopie.jpg\",\"contentUrl\":\"https:\/\/anwalt-wallisch.at\/wp-content\/uploads\/2020\/11\/IMG_0444-Kopie.jpg\",\"width\":2352,\"height\":1568},{\"@type\":\"BreadcrumbList\",\"@id\":\"https:\/\/anwalt-wallisch.at\/?page_id=5#breadcrumb\",\"itemListElement\":[{\"@type\":\"ListItem\",\"position\":1,\"name\":\"Startseite\",\"item\":\"https:\/\/anwalt-wallisch.at\/\"},{\"@type\":\"ListItem\",\"position\":2,\"name\":\"Datenschutz \/ Datenschutzerkl\u00e4rung\"}]},{\"@type\":\"WebSite\",\"@id\":\"https:\/\/anwalt-wallisch.at\/#website\",\"url\":\"https:\/\/anwalt-wallisch.at\/\",\"name\":\"Dr. Hannes Wallisch\",\"description\":\"Rechtsanwalt\",\"potentialAction\":[{\"@type\":\"SearchAction\",\"target\":{\"@type\":\"EntryPoint\",\"urlTemplate\":\"https:\/\/anwalt-wallisch.at\/?s={search_term_string}\"},\"query-input\":{\"@type\":\"PropertyValueSpecification\",\"valueRequired\":true,\"valueName\":\"search_term_string\"}}],\"inLanguage\":\"de\"}]}<\/script>\n<!-- \/ Yoast SEO plugin. -->","yoast_head_json":{"title":"Datenschutz \/ Datenschutzerkl\u00e4rung - Dr. Hannes Wallisch","robots":{"index":"index","follow":"follow","max-snippet":"max-snippet:-1","max-image-preview":"max-image-preview:large","max-video-preview":"max-video-preview:-1"},"canonical":"https:\/\/anwalt-wallisch.at\/?page_id=5","og_locale":"de_DE","og_type":"article","og_title":"Datenschutz \/ Datenschutzerkl\u00e4rung - Dr. Hannes Wallisch","og_description":"Ich unterliege als Rechtsanwalt, eingetragen in die Liste der Rechtsanw\u00e4lte der Rechtsanwaltskammer Wien, den Bestimmungen und Vorgaben des \u00f6sterreichischen Rechtes, ebenso den einschl\u00e4gigen Vorgaben unseres Standesrechtes, hier vor allem der Rechtsanwaltsordnung (RO) und den Richtlinien f\u00fcr die Aus\u00fcbung des Rechtsanwaltsberufs (RL-BA) sowie der Aufsicht der Wiener Rechtsanwaltskammer. Wie werden Ihre personenbezogenen Daten von mir verarbeitet?&nbsp; &hellip; \u201eDatenschutz \/ Datenschutzerkl\u00e4rung\u201c weiterlesen","og_url":"https:\/\/anwalt-wallisch.at\/?page_id=5","og_site_name":"Dr. Hannes Wallisch","article_modified_time":"2020-11-04T16:32:56+00:00","og_image":[{"width":2352,"height":1568,"url":"https:\/\/anwalt-wallisch.at\/wp-content\/uploads\/2020\/11\/IMG_0444-Kopie.jpg","type":"image\/jpeg"}],"twitter_card":"summary_large_image","twitter_misc":{"Gesch\u00e4tzte Lesezeit":"1\u00a0Minute"},"schema":{"@context":"https:\/\/schema.org","@graph":[{"@type":"WebPage","@id":"https:\/\/anwalt-wallisch.at\/?page_id=5","url":"https:\/\/anwalt-wallisch.at\/?page_id=5","name":"Datenschutz \/ Datenschutzerkl\u00e4rung - Dr. Hannes Wallisch","isPartOf":{"@id":"https:\/\/anwalt-wallisch.at\/#website"},"primaryImageOfPage":{"@id":"https:\/\/anwalt-wallisch.at\/?page_id=5#primaryimage"},"image":{"@id":"https:\/\/anwalt-wallisch.at\/?page_id=5#primaryimage"},"thumbnailUrl":"https:\/\/anwalt-wallisch.at\/wp-content\/uploads\/2020\/11\/IMG_0444-Kopie.jpg","datePublished":"2020-11-04T15:55:12+00:00","dateModified":"2020-11-04T16:32:56+00:00","breadcrumb":{"@id":"https:\/\/anwalt-wallisch.at\/?page_id=5#breadcrumb"},"inLanguage":"de","potentialAction":[{"@type":"ReadAction","target":["https:\/\/anwalt-wallisch.at\/?page_id=5"]}]},{"@type":"ImageObject","inLanguage":"de","@id":"https:\/\/anwalt-wallisch.at\/?page_id=5#primaryimage","url":"https:\/\/anwalt-wallisch.at\/wp-content\/uploads\/2020\/11\/IMG_0444-Kopie.jpg","contentUrl":"https:\/\/anwalt-wallisch.at\/wp-content\/uploads\/2020\/11\/IMG_0444-Kopie.jpg","width":2352,"height":1568},{"@type":"BreadcrumbList","@id":"https:\/\/anwalt-wallisch.at\/?page_id=5#breadcrumb","itemListElement":[{"@type":"ListItem","position":1,"name":"Startseite","item":"https:\/\/anwalt-wallisch.at\/"},{"@type":"ListItem","position":2,"name":"Datenschutz \/ Datenschutzerkl\u00e4rung"}]},{"@type":"WebSite","@id":"https:\/\/anwalt-wallisch.at\/#website","url":"https:\/\/anwalt-wallisch.at\/","name":"Dr. Hannes Wallisch","description":"Rechtsanwalt","potentialAction":[{"@type":"SearchAction","target":{"@type":"EntryPoint","urlTemplate":"https:\/\/anwalt-wallisch.at\/?s={search_term_string}"},"query-input":{"@type":"PropertyValueSpecification","valueRequired":true,"valueName":"search_term_string"}}],"inLanguage":"de"}]}},"_links":{"self":[{"href":"https:\/\/anwalt-wallisch.at\/index.php?rest_route=\/wp\/v2\/pages\/5","targetHints":{"allow":["GET"]}}],"collection":[{"href":"https:\/\/anwalt-wallisch.at\/index.php?rest_route=\/wp\/v2\/pages"}],"about":[{"href":"https:\/\/anwalt-wallisch.at\/index.php?rest_route=\/wp\/v2\/types\/page"}],"author":[{"embeddable":true,"href":"https:\/\/anwalt-wallisch.at\/index.php?rest_route=\/wp\/v2\/users\/1"}],"replies":[{"embeddable":true,"href":"https:\/\/anwalt-wallisch.at\/index.php?rest_route=%2Fwp%2Fv2%2Fcomments&post=5"}],"version-history":[{"count":1,"href":"https:\/\/anwalt-wallisch.at\/index.php?rest_route=\/wp\/v2\/pages\/5\/revisions"}],"predecessor-version":[{"id":6,"href":"https:\/\/anwalt-wallisch.at\/index.php?rest_route=\/wp\/v2\/pages\/5\/revisions\/6"}],"wp:featuredmedia":[{"embeddable":true,"href":"https:\/\/anwalt-wallisch.at\/index.php?rest_route=\/wp\/v2\/media\/35"}],"wp:attachment":[{"href":"https:\/\/anwalt-wallisch.at\/index.php?rest_route=%2Fwp%2Fv2%2Fmedia&parent=5"}],"curies":[{"name":"wp","href":"https:\/\/api.w.org\/{rel}","templated":true}]}}

Datenschutz / Datenschutzerklärung

<p>Ich unterliege als Rechtsanwalt, eingetragen in die Liste der Rechtsanwälte der Rechtsanwaltskammer Wien, den Bestimmungen und Vorgaben des österreichischen Rechtes, ebenso den einschlägigen Vorgaben unseres Standesrechtes, hier vor allem der Rechtsanwaltsordnung (RO) und den Richtlinien für die Ausübung des Rechtsanwaltsberufs (RL-BA) sowie der Aufsicht der Wiener Rechtsanwaltskammer.</p>



<p>Wie werden Ihre personenbezogenen Daten von mir verarbeitet?&nbsp;</p>



<p>Festzuhalten ist vorweg, dass ich im Zuge meiner Tätigkeit Ihre personenbezogenen Daten nur mit Ihrer Einwilligung entsprechend der DSGVO einholen, verarbeiten bzw. generell nutzen werde.&nbsp;</p>



<p>Im speziellen sind dies jene personenbezogenen Daten, die ich im Rahmen der Übernahme eines Mandates jedenfalls für die Erfüllung meiner anwaltlichen Tätigkeit benötige. Es versteht sich, dass Sie mir diese Daten freiwillig zur Verfügung stellen. Unter dem Begriff der personenbezogenen Daten im Sinne der einschlägigen gesetzlichen Bestimmungen, insbesondere der DSGVO, sind all jene Daten wie etwa Name, Wohn und / oder email-adresse, Telefonnummer, Geburtsdatum, Alter, Geschlecht, Sozialversicherungsnummer, Fotos, udgl. zu verstehen.&nbsp;</p>



<p>Ihre Daten werde ich ausschließlich zur Erfüllung des übernommenen Mandates verwenden. Sie haben im Sinne der Vorgaben der DSGVO auch jederzeit das Recht, &nbsp;Auskunft darüber zu erhalten, welche Daten von Ihnen und zu welchem Zweck diese gespeichert sind. Außerdem sind diese Daten über Ihr Verlangen zu berichtigen oder auch zu löschen (Widerruf der Einwilligung zur Nutzung Ihrer personenbezogenen Daten). Letzteres freilich unter Bedachtnahme auf die rechtsanwaltliche Verschwiegenheitspflicht und anderen Pflichten zur Wahrung von entsprechenden Geschäftsgeheimnissen.&nbsp;</p>



<p>Personenbezogene Daten werden nicht länger aufbewahrt, als ich diese eben für die Mandatserfüllung- und erledigung benötige, wichtig ist aber, dass ich diesbezüglich auch einschlägige gesetzliche Verpflichtungen und jene zur allfälligen Abwehr von Haftungsansprüchen zu beachten habe.</p>

<p>Ich unterliege als Rechtsanwalt, eingetragen in die Liste der Rechtsanwälte der Rechtsanwaltskammer Wien, den Bestimmungen und Vorgaben des österreichischen Rechtes, ebenso den einschlägigen Vorgaben unseres Standesrechtes, hier vor allem der Rechtsanwaltsordnung (RO) und den Richtlinien für die Ausübung des Rechtsanwaltsberufs (RL-BA) sowie der Aufsicht der Wiener Rechtsanwaltskammer. Wie werden Ihre personenbezogenen Daten von mir verarbeitet?&nbsp; &hellip; </p>
<p class="link-more"><a href="https://anwalt-wallisch.at/?page_id=5" class="more-link"><span class="screen-reader-text">„Datenschutz / Datenschutzerklärung“ </span>weiterlesen</a></p>

<!-- This site is optimized with the Yoast SEO plugin v26.7 - https://yoast.com/wordpress/plugins/seo/ -->
<title>Datenschutz / Datenschutzerklärung - Dr. Hannes Wallisch</title>
<meta name="robots" content="index, follow, max-snippet:-1, max-image-preview:large, max-video-preview:-1" />
<link rel="canonical" href="https://anwalt-wallisch.at/?page_id=5" />
<meta property="og:locale" content="de_DE" />
<meta property="og:type" content="article" />
<meta property="og:title" content="Datenschutz / Datenschutzerklärung - Dr. Hannes Wallisch" />
<meta property="og:description" content="Ich unterliege als Rechtsanwalt, eingetragen in die Liste der Rechtsanwälte der Rechtsanwaltskammer Wien, den Bestimmungen und Vorgaben des österreichischen Rechtes, ebenso den einschlägigen Vorgaben unseres Standesrechtes, hier vor allem der Rechtsanwaltsordnung (RO) und den Richtlinien für die Ausübung des Rechtsanwaltsberufs (RL-BA) sowie der Aufsicht der Wiener Rechtsanwaltskammer. Wie werden Ihre personenbezogenen Daten von mir verarbeitet?&nbsp; &hellip; „Datenschutz / Datenschutzerklärung“ weiterlesen" />
<meta property="og:url" content="https://anwalt-wallisch.at/?page_id=5" />
<meta property="og:site_name" content="Dr. Hannes Wallisch" />
<meta property="article:modified_time" content="2020-11-04T16:32:56+00:00" />
<meta property="og:image" content="https://anwalt-wallisch.at/wp-content/uploads/2020/11/IMG_0444-Kopie.jpg" />
	<meta property="og:image:width" content="2352" />
	<meta property="og:image:height" content="1568" />
	<meta property="og:image:type" content="image/jpeg" />
<meta name="twitter:card" content="summary_large_image" />
<meta name="twitter:label1" content="Geschätzte Lesezeit" />
	<meta name="twitter:data1" content="1 Minute" />
<script type="application/ld+json" class="yoast-schema-graph">{"@context":"https://schema.org","@graph":[{"@type":"WebPage","@id":"https://anwalt-wallisch.at/?page_id=5","url":"https://anwalt-wallisch.at/?page_id=5","name":"Datenschutz / Datenschutzerklärung - Dr. Hannes Wallisch","isPartOf":{"@id":"https://anwalt-wallisch.at/#website"},"primaryImageOfPage":{"@id":"https://anwalt-wallisch.at/?page_id=5#primaryimage"},"image":{"@id":"https://anwalt-wallisch.at/?page_id=5#primaryimage"},"thumbnailUrl":"https://anwalt-wallisch.at/wp-content/uploads/2020/11/IMG_0444-Kopie.jpg","datePublished":"2020-11-04T15:55:12+00:00","dateModified":"2020-11-04T16:32:56+00:00","breadcrumb":{"@id":"https://anwalt-wallisch.at/?page_id=5#breadcrumb"},"inLanguage":"de","potentialAction":[{"@type":"ReadAction","target":["https://anwalt-wallisch.at/?page_id=5"]}]},{"@type":"ImageObject","inLanguage":"de","@id":"https://anwalt-wallisch.at/?page_id=5#primaryimage","url":"https://anwalt-wallisch.at/wp-content/uploads/2020/11/IMG_0444-Kopie.jpg","contentUrl":"https://anwalt-wallisch.at/wp-content/uploads/2020/11/IMG_0444-Kopie.jpg","width":2352,"height":1568},{"@type":"BreadcrumbList","@id":"https://anwalt-wallisch.at/?page_id=5#breadcrumb","itemListElement":[{"@type":"ListItem","position":1,"name":"Startseite","item":"https://anwalt-wallisch.at/"},{"@type":"ListItem","position":2,"name":"Datenschutz / Datenschutzerklärung"}]},{"@type":"WebSite","@id":"https://anwalt-wallisch.at/#website","url":"https://anwalt-wallisch.at/","name":"Dr. Hannes Wallisch","description":"Rechtsanwalt","potentialAction":[{"@type":"SearchAction","target":{"@type":"EntryPoint","urlTemplate":"https://anwalt-wallisch.at/?s={search_term_string}"},"query-input":{"@type":"PropertyValueSpecification","valueRequired":true,"valueName":"search_term_string"}}],"inLanguage":"de"}]}</script>
<!-- / Yoast SEO plugin. -->

Datenschutz / Datenschutzerklärung - Dr. Hannes Wallisch

Ich unterliege als Rechtsanwalt, eingetragen in die Liste der Rechtsanwälte der Rechtsanwaltskammer Wien, den Bestimmungen und Vorgaben des österreichischen Rechtes, ebenso den einschlägigen Vorgaben unseres Standesrechtes, hier vor allem der Rechtsanwaltsordnung (RO) und den Richtlinien für die Ausübung des Rechtsanwaltsberufs (RL-BA) sowie der Aufsicht der Wiener Rechtsanwaltskammer. Wie werden Ihre personenbezogenen Daten von mir verarbeitet?&nbsp; &hellip; „Datenschutz / Datenschutzerklärung“ weiterlesen
